14 - -16. Let v be y/(-7) + (-93)/(-7). Suppose j - v = 14. What are the prime factors of j?
3
Let c(n) = -2*n + 2. Let o be c(2). Let z = o + -18. What are the prime factors of ((-35)/z)/((-2)/(-8))?
7
Let h be (234/4)/((-1)/2). Let z = -48 - h. List the prime factors of z.
3, 23
Let h(j) = 18*j + 24. Let f(p) = 16*p + 22. Let r(v) = 5*f(v) - 4*h(v). Let t = 0 - -7. What are the prime factors of r(t)?
2, 5, 7
Suppose 26*f + 848 = 30*f. What are the prime factors of f?
2, 53
Let g be (-4)/(-8)*(2 - 2). Let l(j) = j + 4 + 0*j + g*j + j. List the prime factors of l(5).
2, 7
Suppose h = 2*g + 1523, -4*h + 6158 - 91 = -3*g. What are the prime factors of h?
17, 89
Let n(w) = 7*w**2 - 10*w + 20. What are the prime factors of n(3)?
53
Let c = -64 - -90. Let h(g) = g + 0*g + c + 5. What are the prime factors of h(-15)?
2
Let b = -29 - -39. Suppose -5*y = 3*w + b, 3*y = y - 3*w - 13. Suppose -2*f = -75 - y. List the prime factors of f.
2, 19
Let z(a) = 1490*a**2 - a + 1. What are the prime factors of z(1)?
2, 5, 149
What are the prime factors of (-349 + (-80)/(-10))*-8?
2, 11, 31
Let r = 168 - 491. Let l = 563 + r. What are the prime factors of l?
2, 3, 5
Let m(j) = -j**2 - 6*j + 7. Let v be m(-5). Suppose 4*o - o = v. Suppose o*q - 2*q - 66 = 0. What are the prime factors of q?
3, 11
Let l = -4 - -27. Suppose 0 = -3*v + r + 25, -2*v - 18 = -4*v + r. Let a = l - v. List the prime factors of a.
2
Suppose 5*l = 2*t + 6, 0 = -2*t + 7*t - 10. Suppose -l*s - 152 = -3*g, -5*g + 4*s = -142 - 110. What are the prime factors of g?
2, 13
Let i = 6215 + -2912. What are the prime factors of i?
3, 367
What are the prime factors of 86/(-172)*394/(-1*1)?
197
Let i = -25 + 2. Let x = -18 - i. Suppose -g = x, -2*g + 4*g + 156 = 2*b. List the prime factors of b.
73
Suppose 3*l + 22 = -8. Let h(q) = -7*q + 16. Let o be h(l). Let c = -55 + o. List the prime factors of c.
31
Let o be 48/(-27) - 4/18. Let f(r) = -2*r**2 - 10*r + 9. Let k be f(-5). Let h = o + k. List the prime factors of h.
7
Let k be 4/2 + (-68)/1 + 1. Let f = -17 - k. List the prime factors of f.
2, 3
Let u = -266 + 125. Let t(n) = -6*n - 23. Let c be t(13). Let z = c - u. List the prime factors of z.
2, 5
Let z = 1021 - 609. List the prime factors of z.
2, 103
Let o(x) = -2*x**3 - 4*x**2 + 6. Suppose 2*n - 3 = 3*n. What are the prime factors of o(n)?
2, 3
Let j(m) = 15*m**3 + 7*m**2 - 15. Let g(o) = 7*o**3 + 3*o**2 - 7. Let h(v) = -13*g(v) + 6*j(v). Suppose -946*w + 12 = -950*w. List the prime factors of h(w).
5, 11
Suppose -z = 5*v - 26, 4 - 13 = -2*v + z. Let o(b) = 7*b - 1 - 4 - b. What are the prime factors of o(v)?
5
Suppose 4*w = 3*x + 2213, -2*w + 5*x + 532 = -w. What are the prime factors of w?
557
List the prime factors of (-12)/(-21) + (-109650)/(-119).
2, 461
Suppose 28*j + 440 = 29*j. What are the prime factors of j?
2, 5, 11
Let g be (14/42)/((-1)/(-3363)). Suppose 4*o = 23*o - g. What are the prime factors of o?
59
Let l(k) = -k**2 + 1. Let u be l(-1). Let t be (3/(-9)*u)/1. Suppose t*d - 2*d + 11 = -5*r, -3*r + 27 = 3*d. What are the prime factors of d?
2
Suppose -5*q + 420 = 5*o, -2*q - 2 + 6 = 0. Let z = o + -38. List the prime factors of z.
2, 11
Suppose 8*y - 2 + 18 = 0. List the prime factors of 10/(-1)*y*136/10.
2, 17
Let g(w) = 15*w**3 - 7*w**2 - 11*w - 11. Let d(s) = 7*s**3 - 3*s**2 - 6*s - 5. Let n(a) = -13*d(a) + 6*g(a). List the prime factors of n(-7).
3, 37
Suppose 2*b + c - 4 = b, 5*b + c - 40 = 0. Suppose 25*p - 12 = 21*p. Suppose -9 = -3*z, -z + b = p*r - 0*z. What are the prime factors of r?
2
Let w = 268 + -106. Suppose 4*d - 4*z = 5*d - w, 5*d - 795 = -5*z. What are the prime factors of d?
2, 79
Let i be (10/8 + 0)/(9/36). Suppose -i*s = s - 624. List the prime factors of s.
2, 13
Let l(j) be the second derivative of j**4/12 - 2*j**3 - j**2 - 35*j. List the prime factors of l(18).
2, 53
Let s(f) = -28*f**3 - 2*f + 1. Let k be s(-2). Let w = 92 - 88. Suppose -k = -w*h + 7. What are the prime factors of h?
59
Suppose 4*i = -0*i + 2*f - 44, -42 = 4*i - f. Let u be i*(0 - (6 + 4)). Let n = u - 46. What are the prime factors of n?
2, 3
Suppose -7*o = 1241 - 10579. List the prime factors of o.
2, 23, 29
Suppose -26*z + 7962 + 11460 = 0. What are the prime factors of z?
3, 83
Let r be 777/12 + 3/12. Suppose -5*i + 340 = r. What are the prime factors of i?
5, 11
What are the prime factors of (818/8)/((-81)/(-36) + -2)?
409
Suppose 0 = 2*k - 1 - 3. Suppose 1128 = -3*g - 5*x, -4*x + k*x - 1861 = 5*g. List the prime factors of (-1)/(-3) - g/21.
2, 3
Suppose 0 = -3*k - 3 + 12. Let h(i) = -i**3 + 3*i**2 + 1. Let f be h(k). Let j = f - -9. List the prime factors of j.
2, 5
Let u(a) = -3*a + 42. Let h be u(-8). Let s be 6/21 - (-550)/(-14). Let v = s + h. What are the prime factors of v?
3
Let i = 5 + -11. Let l be (-5)/(45/i)*-9. Let u = -1 - l. List the prime factors of u.
5
List the prime factors of (-35)/(1 - (-528)/(-517)).
5, 7, 47
Let d = -2347 + 6757. List the prime factors of d.
2, 3, 5, 7
Let g(m) = 9*m**3 + m**2 + m - 1. Suppose -1 + 3 = h. Suppose -h*w + 3 = w. List the prime factors of g(w).
2, 5
Suppose -5*a - 465 = -5*z, -3*z - a = -0*z - 295. List the prime factors of z.
97
Let y(f) = -f**2 + 5*f + 4. Let m be y(4). Suppose m*x = 1015 + 169. List the prime factors of x.
2, 37
List the prime factors of (-2)/(-3)*(5315 - 59).
2, 3, 73
Let m(z) = -z**3 - 16*z**2 - 14*z - 26. Let j be m(-11). Let g = 734 + j. What are the prime factors of g?
257
Suppose 0 = 2*h + 2 - 10. Suppose -32 + h = -4*z. List the prime factors of z.
7
Suppose 0 = -2336*m + 2347*m - 21923. What are the prime factors of m?
1993
Let o(k) = 45*k**3 - k**2 + 1. Let q be o(1). Let w be 6/((q/(-6))/(-5)). Suppose -2*v + 22 = -3*b - 18, v = -w*b + 9. List the prime factors of v.
17
Suppose 3*g = 757 + 1025. List the prime factors of g.
2, 3, 11
Let p = -15 + 18. Let k be p*((-128)/(-6))/4. What are the prime factors of 328/k - (-6)/(-4)?
19
Let l(i) = -i**3 - 12*i**2 + 7*i - 24. Let d(f) = -f**3 + 3*f + 5. Let c be d(3). List the prime factors of l(c).
2, 3
Let u(m) = 38*m + 34. Let p = -138 + 144. List the prime factors of u(p).
2, 131
Suppose 5*h = 8*h. Suppose -28 = -u - h*u. What are the prime factors of 72/28*u/3?
2, 3
Suppose -5*w = -3*w - 342. Suppose -w = -h - 6. Suppose 10 = -2*s, 2*x - s - h = -3*x. What are the prime factors of x?
2
Let k(p) = 2*p + 9. Suppose -j - j = -3*o - 18, o - 3*j + 6 = 0. Let t be k(o). Let u(g) = g**3 + 5*g**2 + g. List the prime factors of u(t).
3, 5
Let l(z) = z**3 + 19*z**2 - z + 15. Let i be l(-19). Let h = i - 12. List the prime factors of h.
2, 11
Suppose 1321 = 2*z + 8*k - 11*k, 3*z + k - 1954 = 0. What are the prime factors of z?
653
Let b be 3487/55 - 2/5. Suppose 2*j + b = 3*j. List the prime factors of j.
3, 7
Suppose -2*g - 4*u + 44 = 0, 9 = 2*g - 3*u - 0*u. Let w be 563/(-4) - (-1)/(-4). List the prime factors of (w/g)/((-2)/8).
47
Let g be (6 - (-328)/10)/(1/(-5)). Let l = g + 320. What are the prime factors of l?
2, 3, 7
Let y be (4 + 0)*(0 + 2). Let o(z) = -4 - y*z + z**3 - 12*z**2 + 2 + 0 - 16. List the prime factors of o(13).
47
Let g = -756 + 784. What are the prime factors of g?
2, 7
Let a be (4/2 - 1) + 9. Suppose 5*t - 1 + a = 3*i, -t = 5*i - 43. What are the prime factors of i?
2
List the prime factors of (-24748)/(-69)*(-3)/(-2).
2, 269
Suppose -3*z + 4*x = -602, 2*x = 4*z + x - 794. List the prime factors of z.
2, 3, 11
Let d = 296 + -123. Let v = d + -102. What are the prime factors of v?
71
Let m = 8 - 4. Suppose 3*q - 4*q = w - 62, -2*w - m*q = -120. List the prime factors of w.
2
Suppose -m + 29 = -197. Let a = m + -150. What are the prime factors of a?
2, 19
Let r = -77 + 81. Suppose 49 + 55 = r*d. What are the prime factors of d?
2, 13
What are the prime factors of 17 - 19 - (-1611 + 3)?
2, 11, 73
Let w(j) be the second derivative of j**4/6 + 3*j**3/2 + j**2 + 3*j. List the prime factors of w(-7).
37
Let y(v) = v**3 - v**2 + 3*v + 3. Let i be y(-4). Let b = -44 - i. List the prime factors of b.
3, 5
Let c = 77 - 16. What are the prime factors of c?
61
Let z(y) = 13*y + 2. Suppose 5*r + 2*r - 42 = 0. What are the prime factors of z(r)?
2, 5
Let s = 7 + -2. Suppose s*v = 5, -107 = -k - 5*v - 19. What are the prime factors of k?
83
Let v = 